{"id":140,"date":"2025-10-26T02:49:48","date_gmt":"2025-10-26T01:49:48","guid":{"rendered":"https:\/\/www.ycbasque.org\/YCB\/?page_id=140"},"modified":"2026-03-16T18:57:06","modified_gmt":"2026-03-16T17:57:06","slug":"nos-valeurs","status":"publish","type":"page","link":"https:\/\/www.ycbasque.org\/YCB\/nos-valeurs\/","title":{"rendered":"Nos valeurs"},"content":{"rendered":"\t\t<div data-elementor-type=\"wp-page\" data-elementor-id=\"140\" class=\"elementor elementor-140\">\n\t\t\t\t<div class=\"elementor-element elementor-element-9a99674 e-con-full e-flex e-con e-parent\" data-id=\"9a99674\" data-element_type=\"container\" data-settings=\"{&quot;background_background&quot;:&quot;classic&quot;}\">\n\t\t\t\t<div class=\"elementor-element elementor-element-541f3d9 elementor-widget elementor-widget-heading\" data-id=\"541f3d9\" data-element_type=\"widget\" data-widget_type=\"heading.default\">\n\t\t\t\t\t<h1 class=\"elementor-heading-title elementor-size-default\">NOS VALEURS<\/h1>\t\t\t\t<\/div>\n\t\t\t\t<div class=\"elementor-element elementor-element-93bb904 elementor-widget__width-initial elementor-widget-divider--view-line_icon elementor-view-default elementor-widget-divider--element-align-center elementor-invisible elementor-widget elementor-widget-divider\" data-id=\"93bb904\" data-element_type=\"widget\" data-settings=\"{&quot;_animation&quot;:&quot;fadeIn&quot;}\" data-widget_type=\"divider.default\">\n\t\t\t\t\t\t\t<div class=\"elementor-divider\">\n\t\t\t<span class=\"elementor-divider-separator\">\n\t\t\t\t\t\t\t<div class=\"elementor-icon elementor-divider__element\">\n\t\t\t\t\t<svg aria-hidden=\"true\" class=\"e-font-icon-svg e-fas-anchor\" viewBox=\"0 0 576 512\" xmlns=\"http:\/\/www.w3.org\/2000\/svg\"><path d=\"M12.971 352h32.394C67.172 454.735 181.944 512 288 512c106.229 0 220.853-57.38 242.635-160h32.394c10.691 0 16.045-12.926 8.485-20.485l-67.029-67.029c-4.686-4.686-12.284-4.686-16.971 0l-67.029 67.029c-7.56 7.56-2.206 20.485 8.485 20.485h35.146c-20.29 54.317-84.963 86.588-144.117 94.015V256h52c6.627 0 12-5.373 12-12v-40c0-6.627-5.373-12-12-12h-52v-5.47c37.281-13.178 63.995-48.725 64-90.518C384.005 43.772 341.605.738 289.37.01 235.723-.739 192 42.525 192 96c0 41.798 26.716 77.35 64 90.53V192h-52c-6.627 0-12 5.373-12 12v40c0 6.627 5.373 12 12 12h52v190.015c-58.936-7.399-123.82-39.679-144.117-94.015h35.146c10.691 0 16.045-12.926 8.485-20.485l-67.029-67.029c-4.686-4.686-12.284-4.686-16.971 0L4.485 331.515C-3.074 339.074 2.28 352 12.971 352zM288 64c17.645 0 32 14.355 32 32s-14.355 32-32 32-32-14.355-32-32 14.355-32 32-32z\"><\/path><\/svg><\/div>\n\t\t\t\t\t\t<\/span>\n\t\t<\/div>\n\t\t\t\t\t\t<\/div>\n\t\t\t\t<\/div>\n\t\t<div class=\"elementor-element elementor-element-3a17703 e-flex e-con-boxed e-con e-parent\" data-id=\"3a17703\" data-element_type=\"container\">\n\t\t\t\t\t<div class=\"e-con-inner\">\n\t\t<div class=\"elementor-element elementor-element-56acc3c e-con-full e-flex e-con e-child\" data-id=\"56acc3c\" data-element_type=\"container\">\n\t\t\t\t<div class=\"elementor-element elementor-element-844d53a elementor-widget elementor-widget-image\" data-id=\"844d53a\" data-element_type=\"widget\" data-widget_type=\"image.default\">\n\t\t\t\t\t\t\t\t\t\t\t\t\t\t\t<img fetchpriority=\"high\" decoding=\"async\" width=\"800\" height=\"595\" src=\"https:\/\/www.ycbasque.org\/YCB\/wp-content\/uploads\/2025\/10\/handivoile.jpg\" class=\"attachment-large size-large wp-image-864\" alt=\"\" srcset=\"https:\/\/www.ycbasque.org\/YCB\/wp-content\/uploads\/2025\/10\/handivoile.jpg 970w, https:\/\/www.ycbasque.org\/YCB\/wp-content\/uploads\/2025\/10\/handivoile-300x223.jpg 300w, https:\/\/www.ycbasque.org\/YCB\/wp-content\/uploads\/2025\/10\/handivoile-768x572.jpg 768w\" sizes=\"(max-width: 800px) 100vw, 800px\" \/>\t\t\t\t\t\t\t\t\t\t\t\t\t\t\t<\/div>\n\t\t\t\t<\/div>\n\t\t<div class=\"elementor-element elementor-element-aa717d8 e-con-full e-flex e-con e-child\" data-id=\"aa717d8\" data-element_type=\"container\">\n\t\t\t\t<div class=\"elementor-element elementor-element-1e25928 elementor-widget elementor-widget-heading\" data-id=\"1e25928\" data-element_type=\"widget\" data-widget_type=\"heading.default\">\n\t\t\t\t\t<h2 class=\"elementor-heading-title elementor-size-default\">L'ECOLE DE VOILE<\/h2>\t\t\t\t<\/div>\n\t\t\t\t<div class=\"elementor-element elementor-element-dcb5f74 elementor-widget elementor-widget-text-editor\" data-id=\"dcb5f74\" data-element_type=\"widget\" data-widget_type=\"text-editor.default\">\n\t\t\t\t\t\t\t\t\t<p>Au YCB, des moniteurs dipl\u00f4m\u00e9s viennent vous transmettre leur passion. L\u2019apprentissage s\u2019organise en niveaux, pour \u00eatre adapt\u00e9 \u00e0 chacun. Convaincus que pour apprendre la voile ou d\u2019autres sports nautiques, il faut naviguer, nous mettons la pratique au c\u0153ur de l\u2019enseignement. Elle est appuy\u00e9e par des apports th\u00e9oriques, qui permettent de mieux comprendre ce qui se passe sur le bateau, et elle est organis\u00e9e dans un souci constant de s\u00e9curit\u00e9.<br \/>L\u2019apprentissage de la voile loisir ou familiale, la comp\u00e9tition, et \u00e9galement la pratique du handivoile sont au c\u0153ur des exp\u00e9riences que nous vous offrons.<\/p>\t\t\t\t\t\t\t\t<\/div>\n\t\t\t\t<\/div>\n\t\t\t\t\t<\/div>\n\t\t\t\t<\/div>\n\t\t<div class=\"elementor-element elementor-element-923521b e-flex e-con-boxed e-con e-parent\" data-id=\"923521b\" data-element_type=\"container\">\n\t\t\t\t\t<div class=\"e-con-inner\">\n\t\t<div class=\"elementor-element elementor-element-02142f5 e-con-full e-flex e-con e-child\" data-id=\"02142f5\" data-element_type=\"container\">\n\t\t\t\t<div class=\"elementor-element elementor-element-e248916 elementor-widget elementor-widget-heading\" data-id=\"e248916\" data-element_type=\"widget\" data-widget_type=\"heading.default\">\n\t\t\t\t\t<h2 class=\"elementor-heading-title elementor-size-default\">LA PASSION DE LA MER ET SA PROTECTION<\/h2>\t\t\t\t<\/div>\n\t\t\t\t<div class=\"elementor-element elementor-element-477fef5 elementor-widget elementor-widget-text-editor\" data-id=\"477fef5\" data-element_type=\"widget\" data-widget_type=\"text-editor.default\">\n\t\t\t\t\t\t\t\t\t<p>La mer est un terrain de jeu qui offre d\u2019innombrables possibilit\u00e9s. Source de d\u00e9paysement par excellence, elle permet de faire le vide, donne une sensation de libert\u00e9. C\u2019est pour cette raison qu\u2019en 1935, le Yacht club basque a \u00e9t\u00e9 cr\u00e9\u00e9 dans notre magnifique baie. <br \/>Nous pr\u00f4nons la connaissance de l\u2019environnement marin pour mieux le pr\u00e9server.. Lier l\u2019\u00e9cologie et l\u2019environnement \u00e0 la pratique\u00a0de la Voile, valeurs indissociables de notre discipline, en tant que sport \u201cnature\u201d et de plein-air. L\u2019\u00e9cologie s&#8217;inscrit \u00e9galement dans le d\u00e9veloppement de nos lieux de pratiques (zones naturelles et prot\u00e9g\u00e9es).<\/p>\t\t\t\t\t\t\t\t<\/div>\n\t\t\t\t<\/div>\n\t\t<div class=\"elementor-element elementor-element-a905548 e-con-full e-flex e-con e-child\" data-id=\"a905548\" data-element_type=\"container\">\n\t\t\t\t<div class=\"elementor-element elementor-element-47e6260 elementor-widget elementor-widget-image\" data-id=\"47e6260\" data-element_type=\"widget\" data-widget_type=\"image.default\">\n\t\t\t\t\t\t\t\t\t\t\t\t\t\t\t<img decoding=\"async\" width=\"300\" height=\"300\" src=\"https:\/\/www.ycbasque.org\/YCB\/wp-content\/uploads\/2025\/10\/dji_fly_20250914_200408_0085_1757875134084_photo11-300x300.jpg\" class=\"attachment-medium size-medium wp-image-863\" alt=\"\" srcset=\"https:\/\/www.ycbasque.org\/YCB\/wp-content\/uploads\/2025\/10\/dji_fly_20250914_200408_0085_1757875134084_photo11-300x300.jpg 300w, https:\/\/www.ycbasque.org\/YCB\/wp-content\/uploads\/2025\/10\/dji_fly_20250914_200408_0085_1757875134084_photo11-1024x1024.jpg 1024w, https:\/\/www.ycbasque.org\/YCB\/wp-content\/uploads\/2025\/10\/dji_fly_20250914_200408_0085_1757875134084_photo11-150x150.jpg 150w, https:\/\/www.ycbasque.org\/YCB\/wp-content\/uploads\/2025\/10\/dji_fly_20250914_200408_0085_1757875134084_photo11-768x768.jpg 768w, https:\/\/www.ycbasque.org\/YCB\/wp-content\/uploads\/2025\/10\/dji_fly_20250914_200408_0085_1757875134084_photo11-1536x1536.jpg 1536w, https:\/\/www.ycbasque.org\/YCB\/wp-content\/uploads\/2025\/10\/dji_fly_20250914_200408_0085_1757875134084_photo11-2048x2048.jpg 2048w\" sizes=\"(max-width: 300px) 100vw, 300px\" \/>\t\t\t\t\t\t\t\t\t\t\t\t\t\t\t<\/div>\n\t\t\t\t<\/div>\n\t\t\t\t\t<\/div>\n\t\t\t\t<\/div>\n\t\t<div class=\"elementor-element elementor-element-dcd14f8 e-flex e-con-boxed e-con e-parent\" data-id=\"dcd14f8\" data-element_type=\"container\">\n\t\t\t\t\t<div class=\"e-con-inner\">\n\t\t<div class=\"elementor-element elementor-element-ee2bcef e-con-full e-flex e-con e-child\" data-id=\"ee2bcef\" data-element_type=\"container\">\n\t\t\t\t<div class=\"elementor-element elementor-element-30b4fe2 elementor-widget elementor-widget-image\" data-id=\"30b4fe2\" data-element_type=\"widget\" data-widget_type=\"image.default\">\n\t\t\t\t\t\t\t\t\t\t\t\t\t\t\t<img decoding=\"async\" width=\"800\" height=\"790\" src=\"https:\/\/www.ycbasque.org\/YCB\/wp-content\/uploads\/2025\/10\/WhatsApp-Image-2025-10-30-at-04.33.52-1024x1011.jpeg\" class=\"attachment-large size-large wp-image-865\" alt=\"\" srcset=\"https:\/\/www.ycbasque.org\/YCB\/wp-content\/uploads\/2025\/10\/WhatsApp-Image-2025-10-30-at-04.33.52-1024x1011.jpeg 1024w, https:\/\/www.ycbasque.org\/YCB\/wp-content\/uploads\/2025\/10\/WhatsApp-Image-2025-10-30-at-04.33.52-300x296.jpeg 300w, https:\/\/www.ycbasque.org\/YCB\/wp-content\/uploads\/2025\/10\/WhatsApp-Image-2025-10-30-at-04.33.52-768x758.jpeg 768w, https:\/\/www.ycbasque.org\/YCB\/wp-content\/uploads\/2025\/10\/WhatsApp-Image-2025-10-30-at-04.33.52.jpeg 1080w\" sizes=\"(max-width: 800px) 100vw, 800px\" \/>\t\t\t\t\t\t\t\t\t\t\t\t\t\t\t<\/div>\n\t\t\t\t<\/div>\n\t\t<div class=\"elementor-element elementor-element-5ca60f5 e-con-full e-flex e-con e-child\" data-id=\"5ca60f5\" data-element_type=\"container\">\n\t\t\t\t<div class=\"elementor-element elementor-element-cba43eb elementor-widget elementor-widget-heading\" data-id=\"cba43eb\" data-element_type=\"widget\" data-widget_type=\"heading.default\">\n\t\t\t\t\t<h2 class=\"elementor-heading-title elementor-size-default\">LA RICHESSE DU PARTAGE<\/h2>\t\t\t\t<\/div>\n\t\t\t\t<div class=\"elementor-element elementor-element-1ab5d30 elementor-widget elementor-widget-text-editor\" data-id=\"1ab5d30\" data-element_type=\"widget\" data-widget_type=\"text-editor.default\">\n\t\t\t\t\t\t\t\t\t<p>La transmission et le partage sont \u00e0 l\u2019origine du projet de l\u2019association. Au YCB, vous \u00e9changez sur vos exp\u00e9riences, vous vous enrichissez des conseils des stagiaires, moniteurs et des nombreux adh\u00e9rents, certains propri\u00e9taires de leurs bateaux, et qui vivent cette aventure avec vous. Vous partagez avec eux des moments de vie, le temps d\u2019un stage, lors de la pratique ou des \u00e9v\u00e8nements et r\u00e9unions sociales : que ce soit la navigation, les t\u00e2ches quotidiennes g\u00e9r\u00e9es par nos b\u00e9n\u00e9voles, les repas ou les soir\u00e9es.<\/p><p>On vient tant au YCB pour la qualit\u00e9 de la formation que pour son ambiance inimitable.<\/p>\t\t\t\t\t\t\t\t<\/div>\n\t\t\t\t<\/div>\n\t\t\t\t\t<\/div>\n\t\t\t\t<\/div>\n\t\t<div class=\"elementor-element elementor-element-8b955c9 e-flex e-con-boxed e-con e-parent\" data-id=\"8b955c9\" data-element_type=\"container\">\n\t\t\t\t\t<div class=\"e-con-inner\">\n\t\t\t\t<div class=\"elementor-element elementor-element-1277ca3 elementor-widget-divider--view-line elementor-widget elementor-widget-divider\" data-id=\"1277ca3\" data-element_type=\"widget\" data-widget_type=\"divider.default\">\n\t\t\t\t\t\t\t<div class=\"elementor-divider\">\n\t\t\t<span class=\"elementor-divider-separator\">\n\t\t\t\t\t\t<\/span>\n\t\t<\/div>\n\t\t\t\t\t\t<\/div>\n\t\t\t\t<div class=\"elementor-element elementor-element-260ea5d elementor-widget elementor-widget-wp-widget-aioseo-breadcrumb-widget\" data-id=\"260ea5d\" data-element_type=\"widget\" data-widget_type=\"wp-widget-aioseo-breadcrumb-widget.default\">\n\t\t\t\t<div class=\"elementor-widget-container\">\n\t\t\t\t\t<div class=\"aioseo-breadcrumbs\"><span class=\"aioseo-breadcrumb\">\n\t\t\tHome\n\t\t<\/span><\/div>\t\t\t\t<\/div>\n\t\t\t\t<\/div>\n\t\t\t\t\t<\/div>\n\t\t\t\t<\/div>\n\t\t\t\t<\/div>\n\t\t","protected":false},"excerpt":{"rendered":"<p>NOS VALEURS L&#8217;ECOLE DE VOILE Au YCB, des moniteurs dipl\u00f4m\u00e9s viennent vous transmettre leur passion. L\u2019apprentissage s\u2019organise en niveaux, pour \u00eatre adapt\u00e9 \u00e0 chacun. Convaincus que pour apprendre la voile [&hellip;]<\/p>\n","protected":false},"author":2,"featured_media":0,"parent":0,"menu_order":0,"comment_status":"closed","ping_status":"closed","template":"","meta":{"om_disable_all_campaigns":false,"_monsterinsights_skip_tracking":false,"_monsterinsights_sitenote_active":false,"_monsterinsights_sitenote_note":"","_monsterinsights_sitenote_category":0,"footnotes":""},"class_list":["post-140","page","type-page","status-publish","hentry"],"aioseo_notices":[],"_links":{"self":[{"href":"https:\/\/www.ycbasque.org\/YCB\/wp-json\/wp\/v2\/pages\/140","targetHints":{"allow":["GET"]}}],"collection":[{"href":"https:\/\/www.ycbasque.org\/YCB\/wp-json\/wp\/v2\/pages"}],"about":[{"href":"https:\/\/www.ycbasque.org\/YCB\/wp-json\/wp\/v2\/types\/page"}],"author":[{"embeddable":true,"href":"https:\/\/www.ycbasque.org\/YCB\/wp-json\/wp\/v2\/users\/2"}],"replies":[{"embeddable":true,"href":"https:\/\/www.ycbasque.org\/YCB\/wp-json\/wp\/v2\/comments?post=140"}],"version-history":[{"count":34,"href":"https:\/\/www.ycbasque.org\/YCB\/wp-json\/wp\/v2\/pages\/140\/revisions"}],"predecessor-version":[{"id":2407,"href":"https:\/\/www.ycbasque.org\/YCB\/wp-json\/wp\/v2\/pages\/140\/revisions\/2407"}],"wp:attachment":[{"href":"https:\/\/www.ycbasque.org\/YCB\/wp-json\/wp\/v2\/media?parent=140"}],"curies":[{"name":"wp","href":"https:\/\/api.w.org\/{rel}","templated":true}]}}