{"id":148,"date":"2025-10-26T02:53:43","date_gmt":"2025-10-26T01:53:43","guid":{"rendered":"https:\/\/www.ycbasque.org\/YCB\/?page_id=148"},"modified":"2026-03-28T11:29:11","modified_gmt":"2026-03-28T10:29:11","slug":"calendrier","status":"publish","type":"page","link":"https:\/\/www.ycbasque.org\/YCB\/calendrier\/","title":{"rendered":"Calendrier"},"content":{"rendered":"\t\t<div data-elementor-type=\"wp-page\" data-elementor-id=\"148\" class=\"elementor elementor-148\">\n\t\t\t\t<div class=\"elementor-element elementor-element-41c75b0 e-flex e-con-boxed e-con e-parent\" data-id=\"41c75b0\" data-element_type=\"container\">\n\t\t\t\t\t<div class=\"e-con-inner\">\n\t\t\t\t<div class=\"elementor-element elementor-element-3a515a9 elementor-widget elementor-widget-page-title\" data-id=\"3a515a9\" data-element_type=\"widget\" data-widget_type=\"page-title.default\">\n\t\t\t\t<div class=\"elementor-widget-container\">\n\t\t\t\t\t\t\t\n\t\t<div class=\"hfe-page-title hfe-page-title-wrapper elementor-widget-heading\">\n\n\t\t\t\t\t\t\t\t\t\t\t<a href=\"https:\/\/www.ycbasque.org\/YCB\">\n\t\t\t\t\t\t<h2 class=\"elementor-heading-title elementor-size-default\">\n\t\t\t\t\t\t\t\t\n\t\t\t\tCalendrier  \n\t\t\t<\/h2 > \n\t\t\t\t\t\t\t\t\t<\/a>\n\t\t\t\t\t<\/div>\n\t\t\t\t\t\t<\/div>\n\t\t\t\t<\/div>\n\t\t\t\t\t<\/div>\n\t\t\t\t<\/div>\n\t\t<div class=\"elementor-element elementor-element-948fbe3 e-flex e-con-boxed e-con e-parent\" data-id=\"948fbe3\" data-element_type=\"container\">\n\t\t\t\t\t<div class=\"e-con-inner\">\n\t\t\t\t<div class=\"elementor-element elementor-element-a76901b elementor-widget elementor-widget-text-editor\" data-id=\"a76901b\" data-element_type=\"widget\" data-widget_type=\"text-editor.default\">\n\t\t\t\t\t\t\t\t\t<table style=\"height: 710px;\" width=\"483\"><tbody><tr><td colspan=\"2\" width=\"531\"><h3 style=\"text-align: center;\"><b>Calendrier Sportif 2026 du Yacht Club Basque<\/b><\/h3><\/td><\/tr><tr><td style=\"text-align: center;\">Pr\u00e9paration ouverture du club voile loisir, avec aide des membres<\/td><td style=\"text-align: center;\">Samedi 14\/03\/26<\/td><\/tr><tr><td style=\"text-align: center;\">D\u00e9marrage de la saison de voile loisir<\/td><td style=\"text-align: center;\">Samedi 21\/03\/26<\/td><\/tr><tr><td style=\"text-align: center;\">Wing foil festival &#8211; Meeting YCB 9h30<\/td><td style=\"text-align: center;\">Samedi 04\/04\/26<\/td><\/tr><tr><td style=\"text-align: center;\">Wing foil festival &#8211; part 2<\/td><td style=\"text-align: center;\">Samedi 11\/04\/26<\/td><\/tr><tr><td style=\"text-align: center;\">UDABERRI CUP Quillards de sport\u00a0<\/td><td style=\"text-align: center;\">Samedi 23\/05\/26<\/td><\/tr><tr><td style=\"text-align: center;\">R\u00e9gate des f\u00eates de SOCOA<\/td><td style=\"text-align: center;\">Samedi 30\/05\/26<\/td><\/tr><tr><td style=\"text-align: center;\">Troph\u00e9e des \u00e9coles<\/td><td style=\"text-align: center;\">Mercredi 17\/06\/26<\/td><\/tr><tr><td style=\"text-align: center;\">Crit\u00e9rium 64 D\u00e9riveurs\/Catamarans<\/td><td style=\"text-align: center;\">Samedi 20\/06\/26<\/td><\/tr><tr><td style=\"text-align: center;\">Raid et du club<\/td><td style=\"text-align: center;\">Samedi 27\/06\/26<\/td><\/tr><tr><td style=\"text-align: center;\">ZOKOA&#8217;s CUP<\/td><td style=\"text-align: center;\">Samedi 11\/07\/26<\/td><\/tr><tr><td style=\"text-align: center;\">R\u00e9gate ITSURDEAK D\u00e9riveurs\/Catamarans<\/td><td style=\"text-align: center;\">Samedi 15\/08\/26<\/td><\/tr><tr><td style=\"text-align: center;\">LARRALDENIA CUP Habitables\/Quillards de sport<\/td><td style=\"text-align: center;\">Samedi 19\/09\/26<\/td><\/tr><\/tbody><\/table><p><strong><em>NB: dates tentatives &#8211; Les v\u00e9rifier r\u00e9guli\u00e8rement\u00a0<\/em><\/strong><\/p>\t\t\t\t\t\t\t\t<\/div>\n\t\t\t\t<div class=\"elementor-element elementor-element-71f9809 elementor-widget-divider--view-line elementor-widget elementor-widget-divider\" data-id=\"71f9809\" data-element_type=\"widget\" data-widget_type=\"divider.default\">\n\t\t\t\t\t\t\t<div class=\"elementor-divider\">\n\t\t\t<span class=\"elementor-divider-separator\">\n\t\t\t\t\t\t<\/span>\n\t\t<\/div>\n\t\t\t\t\t\t<\/div>\n\t\t\t\t\t<\/div>\n\t\t\t\t<\/div>\n\t\t<div class=\"elementor-element elementor-element-c1998ee e-flex e-con-boxed e-con e-parent\" data-id=\"c1998ee\" data-element_type=\"container\">\n\t\t\t\t\t<div class=\"e-con-inner\">\n\t\t\t\t<div class=\"elementor-element elementor-element-26ff108 elementor-widget elementor-widget-spacer\" data-id=\"26ff108\" data-element_type=\"widget\" data-widget_type=\"spacer.default\">\n\t\t\t\t\t\t\t<div class=\"elementor-spacer\">\n\t\t\t<div class=\"elementor-spacer-inner\"><\/div>\n\t\t<\/div>\n\t\t\t\t\t\t<\/div>\n\t\t\t\t<div class=\"elementor-element elementor-element-668d4e9 elementor-widget elementor-widget-heading\" data-id=\"668d4e9\" data-element_type=\"widget\" data-widget_type=\"heading.default\">\n\t\t\t\t\t<h2 class=\"elementor-heading-title elementor-size-default\">Le Calendrier du comit\u00e9 d\u00e9partemental des Pyr\u00e9n\u00e9es Atlantiques<\/h2>\t\t\t\t<\/div>\n\t\t\t\t<div class=\"elementor-element elementor-element-566730f elementor-widget elementor-widget-spacer\" data-id=\"566730f\" data-element_type=\"widget\" data-widget_type=\"spacer.default\">\n\t\t\t\t\t\t\t<div class=\"elementor-spacer\">\n\t\t\t<div class=\"elementor-spacer-inner\"><\/div>\n\t\t<\/div>\n\t\t\t\t\t\t<\/div>\n\t\t<div class=\"elementor-element elementor-element-384fe61 e-grid e-con-full e-con e-child\" data-id=\"384fe61\" data-element_type=\"container\">\n\t\t\t\t<div class=\"elementor-element elementor-element-a6d13b1 elementor-widget elementor-widget-image\" data-id=\"a6d13b1\" data-element_type=\"widget\" data-widget_type=\"image.default\">\n\t\t\t\t\t\t\t\t\t\t\t\t\t\t\t<img decoding=\"async\" width=\"300\" height=\"110\" src=\"https:\/\/www.ycbasque.org\/YCB\/wp-content\/uploads\/2026\/03\/Logo_CDV64_small-300x110.jpg\" class=\"attachment-medium size-medium wp-image-2391\" alt=\"FFVoile Comit\u00e9 d\u00e9partemental de voile des pyr\u00e9n\u00e9es atlantiques CDV64\" srcset=\"https:\/\/www.ycbasque.org\/YCB\/wp-content\/uploads\/2026\/03\/Logo_CDV64_small-300x110.jpg 300w, https:\/\/www.ycbasque.org\/YCB\/wp-content\/uploads\/2026\/03\/Logo_CDV64_small.jpg 630w\" sizes=\"(max-width: 300px) 100vw, 300px\" \/>\t\t\t\t\t\t\t\t\t\t\t\t\t\t\t<\/div>\n\t\t<div class=\"elementor-element elementor-element-3c629a6 e-con-full e-flex e-con e-child\" data-id=\"3c629a6\" data-element_type=\"container\">\n\t\t\t\t<div class=\"elementor-element elementor-element-12ecfe2 elementor-widget elementor-widget-heading\" data-id=\"12ecfe2\" data-element_type=\"widget\" data-widget_type=\"heading.default\">\n\t\t\t\t\t<h3 class=\"elementor-heading-title elementor-size-default\">Le calendrier officiel sur le site de la FFVoile<\/h3>\t\t\t\t<\/div>\n\t\t\t\t<div class=\"elementor-element elementor-element-3844dd5 elementor-widget elementor-widget-spacer\" data-id=\"3844dd5\" data-element_type=\"widget\" data-widget_type=\"spacer.default\">\n\t\t\t\t\t\t\t<div class=\"elementor-spacer\">\n\t\t\t<div class=\"elementor-spacer-inner\"><\/div>\n\t\t<\/div>\n\t\t\t\t\t\t<\/div>\n\t\t\t\t<div class=\"elementor-element elementor-element-2951995 elementor-widget elementor-widget-text-editor\" data-id=\"2951995\" data-element_type=\"widget\" data-widget_type=\"text-editor.default\">\n\t\t\t\t\t\t\t\t\t<h4 style=\"text-align: center;\"><a href=\"https:\/\/regates.ffvoile.fr\/competitions\/?cdv=64000&amp;ligue=892\" target=\"_blank\" rel=\"noopener\">Cliquez ici pour avoir acc\u00e8s au calendrier<\/a><\/h4>\t\t\t\t\t\t\t\t<\/div>\n\t\t\t\t<\/div>\n\t\t\t\t<\/div>\n\t\t\t\t\t<\/div>\n\t\t\t\t<\/div>\n\t\t<div class=\"elementor-element elementor-element-1f935ff e-flex e-con-boxed e-con e-parent\" data-id=\"1f935ff\" data-element_type=\"container\">\n\t\t\t\t\t<div class=\"e-con-inner\">\n\t\t\t\t<div class=\"elementor-element elementor-element-5176d7f elementor-widget-divider--view-line elementor-widget elementor-widget-divider\" data-id=\"5176d7f\" data-element_type=\"widget\" data-widget_type=\"divider.default\">\n\t\t\t\t\t\t\t<div class=\"elementor-divider\">\n\t\t\t<span class=\"elementor-divider-separator\">\n\t\t\t\t\t\t<\/span>\n\t\t<\/div>\n\t\t\t\t\t\t<\/div>\n\t\t\t\t<div class=\"elementor-element elementor-element-f0070c6 elementor-widget elementor-widget-wp-widget-calendar\" data-id=\"f0070c6\" data-element_type=\"widget\" data-widget_type=\"wp-widget-calendar.default\">\n\t\t\t\t<div class=\"elementor-widget-container\">\n\t\t\t\t\t<h5>CALENDRIER DES EVENEMENTS DU YCB<\/h5><div id=\"calendar_wrap\" class=\"calendar_wrap\"><table id=\"wp-calendar\" class=\"wp-calendar-table\">\n\t<caption>April 2026<\/caption>\n\t<thead>\n\t<tr>\n\t\t<th scope=\"col\" aria-label=\"Monday\">M<\/th>\n\t\t<th scope=\"col\" aria-label=\"Tuesday\">T<\/th>\n\t\t<th scope=\"col\" aria-label=\"Wednesday\">W<\/th>\n\t\t<th scope=\"col\" aria-label=\"Thursday\">T<\/th>\n\t\t<th scope=\"col\" aria-label=\"Friday\">F<\/th>\n\t\t<th scope=\"col\" aria-label=\"Saturday\">S<\/th>\n\t\t<th scope=\"col\" aria-label=\"Sunday\">S<\/th>\n\t<\/tr>\n\t<\/thead>\n\t<tbody>\n\t<tr>\n\t\t<td colspan=\"2\" class=\"pad\">&nbsp;<\/td><td>1<\/td><td>2<\/td><td>3<\/td><td>4<\/td><td>5<\/td>\n\t<\/tr>\n\t<tr>\n\t\t<td>6<\/td><td>7<\/td><td>8<\/td><td>9<\/td><td>10<\/td><td>11<\/td><td>12<\/td>\n\t<\/tr>\n\t<tr>\n\t\t<td>13<\/td><td>14<\/td><td>15<\/td><td>16<\/td><td>17<\/td><td>18<\/td><td>19<\/td>\n\t<\/tr>\n\t<tr>\n\t\t<td id=\"today\">20<\/td><td>21<\/td><td>22<\/td><td>23<\/td><td>24<\/td><td>25<\/td><td>26<\/td>\n\t<\/tr>\n\t<tr>\n\t\t<td>27<\/td><td>28<\/td><td>29<\/td><td>30<\/td>\n\t\t<td class=\"pad\" colspan=\"3\">&nbsp;<\/td>\n\t<\/tr>\n\t<\/tbody>\n\t<\/table><nav aria-label=\"Previous and next months\" class=\"wp-calendar-nav\">\n\t\t<span class=\"wp-calendar-nav-prev\"><a href=\"https:\/\/www.ycbasque.org\/YCB\/2026\/02\/\">&laquo; Feb<\/a><\/span>\n\t\t<span class=\"pad\">&nbsp;<\/span>\n\t\t<span class=\"wp-calendar-nav-next\">&nbsp;<\/span>\n\t<\/nav><\/div>\t\t\t\t<\/div>\n\t\t\t\t<\/div>\n\t\t\t\t\t<\/div>\n\t\t\t\t<\/div>\n\t\t\t\t<\/div>\n\t\t","protected":false},"excerpt":{"rendered":"<p>Calendrier Calendrier Sportif 2026 du Yacht Club Basque Pr\u00e9paration ouverture du club voile loisir, avec aide des membres Samedi 14\/03\/26 D\u00e9marrage de la saison de voile loisir Samedi 21\/03\/26 Wing [&hellip;]<\/p>\n","protected":false},"author":2,"featured_media":0,"parent":0,"menu_order":0,"comment_status":"closed","ping_status":"closed","template":"","meta":{"om_disable_all_campaigns":false,"_monsterinsights_skip_tracking":false,"_monsterinsights_sitenote_active":false,"_monsterinsights_sitenote_note":"","_monsterinsights_sitenote_category":0,"footnotes":""},"class_list":["post-148","page","type-page","status-publish","hentry"],"aioseo_notices":[],"_links":{"self":[{"href":"https:\/\/www.ycbasque.org\/YCB\/wp-json\/wp\/v2\/pages\/148","targetHints":{"allow":["GET"]}}],"collection":[{"href":"https:\/\/www.ycbasque.org\/YCB\/wp-json\/wp\/v2\/pages"}],"about":[{"href":"https:\/\/www.ycbasque.org\/YCB\/wp-json\/wp\/v2\/types\/page"}],"author":[{"embeddable":true,"href":"https:\/\/www.ycbasque.org\/YCB\/wp-json\/wp\/v2\/users\/2"}],"replies":[{"embeddable":true,"href":"https:\/\/www.ycbasque.org\/YCB\/wp-json\/wp\/v2\/comments?post=148"}],"version-history":[{"count":25,"href":"https:\/\/www.ycbasque.org\/YCB\/wp-json\/wp\/v2\/pages\/148\/revisions"}],"predecessor-version":[{"id":2447,"href":"https:\/\/www.ycbasque.org\/YCB\/wp-json\/wp\/v2\/pages\/148\/revisions\/2447"}],"wp:attachment":[{"href":"https:\/\/www.ycbasque.org\/YCB\/wp-json\/wp\/v2\/media?parent=148"}],"curies":[{"name":"wp","href":"https:\/\/api.w.org\/{rel}","templated":true}]}}