{"id":160,"date":"2025-10-26T03:06:08","date_gmt":"2025-10-26T02:06:08","guid":{"rendered":"https:\/\/www.ycbasque.org\/YCB\/?page_id=160"},"modified":"2026-03-07T20:29:01","modified_gmt":"2026-03-07T19:29:01","slug":"voile-a-lannee","status":"publish","type":"page","link":"https:\/\/www.ycbasque.org\/YCB\/voile-a-lannee\/","title":{"rendered":"Voile \u00e0 l&#8217;ann\u00e9e"},"content":{"rendered":"\t\t<div data-elementor-type=\"wp-page\" data-elementor-id=\"160\" class=\"elementor elementor-160\">\n\t\t\t\t<div class=\"elementor-element elementor-element-89380d5 e-con-full e-flex e-con e-parent\" data-id=\"89380d5\" data-element_type=\"container\" data-settings=\"{&quot;background_background&quot;:&quot;classic&quot;}\">\n\t\t\t\t<div class=\"elementor-element elementor-element-1e8d7b7 elementor-widget elementor-widget-heading\" data-id=\"1e8d7b7\" data-element_type=\"widget\" data-widget_type=\"heading.default\">\n\t\t\t\t\t<h1 class=\"elementor-heading-title elementor-size-default\">LA VOILE A L'ANN\u00c9E<\/h1>\t\t\t\t<\/div>\n\t\t\t\t<div class=\"elementor-element elementor-element-80b78d4 elementor-widget__width-initial elementor-widget-divider--view-line_icon elementor-view-default elementor-widget-divider--element-align-center elementor-invisible elementor-widget elementor-widget-divider\" data-id=\"80b78d4\" data-element_type=\"widget\" data-settings=\"{&quot;_animation&quot;:&quot;fadeIn&quot;}\" data-widget_type=\"divider.default\">\n\t\t\t\t\t\t\t<div class=\"elementor-divider\">\n\t\t\t<span class=\"elementor-divider-separator\">\n\t\t\t\t\t\t\t<div class=\"elementor-icon elementor-divider__element\">\n\t\t\t\t\t<svg aria-hidden=\"true\" class=\"e-font-icon-svg e-fas-anchor\" viewBox=\"0 0 576 512\" xmlns=\"http:\/\/www.w3.org\/2000\/svg\"><path d=\"M12.971 352h32.394C67.172 454.735 181.944 512 288 512c106.229 0 220.853-57.38 242.635-160h32.394c10.691 0 16.045-12.926 8.485-20.485l-67.029-67.029c-4.686-4.686-12.284-4.686-16.971 0l-67.029 67.029c-7.56 7.56-2.206 20.485 8.485 20.485h35.146c-20.29 54.317-84.963 86.588-144.117 94.015V256h52c6.627 0 12-5.373 12-12v-40c0-6.627-5.373-12-12-12h-52v-5.47c37.281-13.178 63.995-48.725 64-90.518C384.005 43.772 341.605.738 289.37.01 235.723-.739 192 42.525 192 96c0 41.798 26.716 77.35 64 90.53V192h-52c-6.627 0-12 5.373-12 12v40c0 6.627 5.373 12 12 12h52v190.015c-58.936-7.399-123.82-39.679-144.117-94.015h35.146c10.691 0 16.045-12.926 8.485-20.485l-67.029-67.029c-4.686-4.686-12.284-4.686-16.971 0L4.485 331.515C-3.074 339.074 2.28 352 12.971 352zM288 64c17.645 0 32 14.355 32 32s-14.355 32-32 32-32-14.355-32-32 14.355-32 32-32z\"><\/path><\/svg><\/div>\n\t\t\t\t\t\t<\/span>\n\t\t<\/div>\n\t\t\t\t\t\t<\/div>\n\t\t\t\t<\/div>\n\t\t<div class=\"elementor-element elementor-element-26f2223 e-flex e-con-boxed e-con e-parent\" data-id=\"26f2223\" data-element_type=\"container\">\n\t\t\t\t\t<div class=\"e-con-inner\">\n\t\t<div class=\"elementor-element elementor-element-1398e7f e-con-full e-flex e-con e-child\" data-id=\"1398e7f\" data-element_type=\"container\" data-settings=\"{&quot;background_background&quot;:&quot;classic&quot;}\">\n\t\t\t\t<div class=\"elementor-element elementor-element-a982c53 elementor-widget elementor-widget-heading\" data-id=\"a982c53\" data-element_type=\"widget\" data-widget_type=\"heading.default\">\n\t\t\t\t\t<h2 class=\"elementor-heading-title elementor-size-default\">MEMBRE ACTIF<\/h2>\t\t\t\t<\/div>\n\t\t\t\t<\/div>\n\t\t<div class=\"elementor-element elementor-element-d30b2af e-con-full e-flex e-con e-child\" data-id=\"d30b2af\" data-element_type=\"container\" data-settings=\"{&quot;background_background&quot;:&quot;classic&quot;}\">\n\t\t\t\t<div class=\"elementor-element elementor-element-cbc5d43 elementor-widget elementor-widget-text-editor\" data-id=\"cbc5d43\" data-element_type=\"widget\" data-widget_type=\"text-editor.default\">\n\t\t\t\t\t\t\t\t\t<h4>Le prix de l&#8217;adh\u00e9sion se trouve r\u00e9duit pour les membres ne d\u00e9sirant pas utiliser les embarcations du club ou tr\u00e8s occasionnellement, et int\u00e8gre \u00e9galement la licence Club FFV.<\/h4><h4><span style=\"color: inherit; font-family: inherit; font-size: 1.5rem;\">Les propri\u00e9taires peuvent aussi louer \u00e0 l&#8217;ann\u00e9e une place r\u00e9serv\u00e9e aux embarcations des membres sur le parking \u00e0 bateaux , au prix d\u00e9fini par la SPL, selon disponibilit\u00e9.<\/span><\/h4>\t\t\t\t\t\t\t\t<\/div>\n\t\t\t\t<\/div>\n\t\t\t\t\t<\/div>\n\t\t\t\t<\/div>\n\t\t<div class=\"elementor-element elementor-element-caaee8c e-flex e-con-boxed e-con e-parent\" data-id=\"caaee8c\" data-element_type=\"container\">\n\t\t\t\t\t<div class=\"e-con-inner\">\n\t\t<div class=\"elementor-element elementor-element-34a685f e-con-full e-flex e-con e-child\" data-id=\"34a685f\" data-element_type=\"container\" data-settings=\"{&quot;background_background&quot;:&quot;classic&quot;}\">\n\t\t\t\t<div class=\"elementor-element elementor-element-c08fb33 elementor-widget elementor-widget-heading\" data-id=\"c08fb33\" data-element_type=\"widget\" data-widget_type=\"heading.default\">\n\t\t\t\t\t<h2 class=\"elementor-heading-title elementor-size-default\">VOILE LOISIR<\/h2>\t\t\t\t<\/div>\n\t\t\t\t<\/div>\n\t\t<div class=\"elementor-element elementor-element-a187eeb e-con-full e-flex e-con e-child\" data-id=\"a187eeb\" data-element_type=\"container\" data-settings=\"{&quot;background_background&quot;:&quot;classic&quot;}\">\n\t\t\t\t<div class=\"elementor-element elementor-element-94510fb elementor-widget elementor-widget-text-editor\" data-id=\"94510fb\" data-element_type=\"widget\" data-widget_type=\"text-editor.default\">\n\t\t\t\t\t\t\t\t\t<h4>L\u2019inscription Voile Loisir permet de devenir membre du club en b\u00e9n\u00e9ficiant d&#8217;avantages et de la licence Club FFV. Les membres peuvent \u00e9galement utiliser l\u2019ensemble du mat\u00e9riel et les locaux du Yacht Club Basque, avec une r\u00e9duction\u00a0 sur les stages.<\/h4><h4>Les membres du club sont invit\u00e9s \u00e0 participer activement \u00e0 leur formation (m\u00e9t\u00e9o, voile, permis bateau\u2026), \u00e0 l\u2019organisation des r\u00e9gates, \u00e0 la pratique de la r\u00e9gate ou \u00e0 l\u2019entra\u00eenement des autres membres.<\/h4>\t\t\t\t\t\t\t\t<\/div>\n\t\t\t\t<\/div>\n\t\t\t\t\t<\/div>\n\t\t\t\t<\/div>\n\t\t<div class=\"elementor-element elementor-element-0a23c8e e-flex e-con-boxed e-con e-parent\" data-id=\"0a23c8e\" data-element_type=\"container\">\n\t\t\t\t\t<div class=\"e-con-inner\">\n\t\t<div class=\"elementor-element elementor-element-d9eeb3f e-con-full e-flex e-con e-child\" data-id=\"d9eeb3f\" data-element_type=\"container\">\n\t\t\t\t<div class=\"elementor-element elementor-element-8cfbb8a elementor-widget elementor-widget-heading\" data-id=\"8cfbb8a\" data-element_type=\"widget\" data-widget_type=\"heading.default\">\n\t\t\t\t\t<h2 class=\"elementor-heading-title elementor-size-default\">VOILE LOISIR\nCONJOINT et ETUDIANT<\/h2>\t\t\t\t<\/div>\n\t\t\t\t<\/div>\n\t\t<div class=\"elementor-element elementor-element-be58d2d e-con-full e-flex e-con e-child\" data-id=\"be58d2d\" data-element_type=\"container\">\n\t\t\t\t<div class=\"elementor-element elementor-element-0847ccd elementor-widget elementor-widget-text-editor\" data-id=\"0847ccd\" data-element_type=\"widget\" data-widget_type=\"text-editor.default\">\n\t\t\t\t\t\t\t\t\t<h4>Cette adh\u00e9sion permet au conjoint de rejoindre le club, avec un tarif r\u00e9duit, incluant \u00e9galement la licence Club FFV.<\/h4>\t\t\t\t\t\t\t\t<\/div>\n\t\t\t\t<\/div>\n\t\t\t\t\t<\/div>\n\t\t\t\t<\/div>\n\t\t<div class=\"elementor-element elementor-element-a5bb196 e-flex e-con-boxed e-con e-parent\" data-id=\"a5bb196\" data-element_type=\"container\">\n\t\t\t\t\t<div class=\"e-con-inner\">\n\t\t<div class=\"elementor-element elementor-element-be48996 e-con-full e-flex e-con e-child\" data-id=\"be48996\" data-element_type=\"container\" data-settings=\"{&quot;background_background&quot;:&quot;classic&quot;}\">\n\t\t\t\t<div class=\"elementor-element elementor-element-bf2f9d4 elementor-widget elementor-widget-heading\" data-id=\"bf2f9d4\" data-element_type=\"widget\" data-widget_type=\"heading.default\">\n\t\t\t\t\t<h2 class=\"elementor-heading-title elementor-size-default\">VOILE LOISIR JEUNE<\/h2>\t\t\t\t<\/div>\n\t\t\t\t<div class=\"elementor-element elementor-element-d442be6 elementor-widget__width-initial elementor-widget elementor-widget-text-editor\" data-id=\"d442be6\" data-element_type=\"widget\" data-widget_type=\"text-editor.default\">\n\t\t\t\t\t\t\t\t\t<p>Espoir et Comp\u00e9tition<\/p>\t\t\t\t\t\t\t\t<\/div>\n\t\t\t\t<\/div>\n\t\t<div class=\"elementor-element elementor-element-60e308c e-con-full e-flex e-con e-child\" data-id=\"60e308c\" data-element_type=\"container\">\n\t\t\t\t<div class=\"elementor-element elementor-element-87449ab elementor-widget elementor-widget-text-editor\" data-id=\"87449ab\" data-element_type=\"widget\" data-widget_type=\"text-editor.default\">\n\t\t\t\t\t\t\t\t\t<h4>P\u00e9pini\u00e8re de jeunes espoirs, le Yacht Club Basque recrute le plus t\u00f4t possible pour former ses comp\u00e9titeurs et participer au projet f\u00e9d\u00e9ral du Crit\u00e9rium aux France Espoirs, en passant par les r\u00e9gates de ligues et interligues.<br \/>\u00c0 partir d\u2019un certain niveau et d\u2019une certaine assiduit\u00e9, le club leur attribue en priorit\u00e9 un bateau pour toute l\u2019ann\u00e9e.<\/h4><h4>Le prix propos\u00e9 int\u00eagre la licence Club FFV plus \u00e9conomique pour les moins de 18 ans.<\/h4>\t\t\t\t\t\t\t\t<\/div>\n\t\t\t\t<\/div>\n\t\t\t\t\t<\/div>\n\t\t\t\t<\/div>\n\t\t<div class=\"elementor-element elementor-element-865aef8 e-flex e-con-boxed e-con e-parent\" data-id=\"865aef8\" data-element_type=\"container\">\n\t\t\t\t\t<div class=\"e-con-inner\">\n\t\t<div class=\"elementor-element elementor-element-e74ea80 e-con-full e-flex e-con e-child\" data-id=\"e74ea80\" data-element_type=\"container\">\n\t\t\t\t<div class=\"elementor-element elementor-element-256f648 elementor-widget elementor-widget-heading\" data-id=\"256f648\" data-element_type=\"widget\" data-widget_type=\"heading.default\">\n\t\t\t\t\t<h2 class=\"elementor-heading-title elementor-size-default\">Tous les membres profitent d'une r\u00e9duction de 15% sur les stages!<\/h2>\t\t\t\t<\/div>\n\t\t\t\t<div class=\"elementor-element elementor-element-65f2046 elementor-widget elementor-widget-spacer\" data-id=\"65f2046\" data-element_type=\"widget\" data-widget_type=\"spacer.default\">\n\t\t\t\t\t\t\t<div class=\"elementor-spacer\">\n\t\t\t<div class=\"elementor-spacer-inner\"><\/div>\n\t\t<\/div>\n\t\t\t\t\t\t<\/div>\n\t\t\t\t<div class=\"elementor-element elementor-element-213e1bf elementor-align-center elementor-widget__width-initial elementor-invisible elementor-widget elementor-widget-button\" data-id=\"213e1bf\" data-element_type=\"widget\" data-settings=\"{&quot;_animation&quot;:&quot;lightSpeedIn&quot;}\" data-widget_type=\"button.default\">\n\t\t\t\t\t\t\t\t\t\t<a class=\"elementor-button elementor-button-link elementor-size-sm elementor-animation-grow-rotate\" href=\"https:\/\/marketplace.awoo.fr\/202\" target=\"_blank\">\n\t\t\t\t\t\t<span class=\"elementor-button-content-wrapper\">\n\t\t\t\t\t\t\t\t\t<span class=\"elementor-button-text\">TARIFS et INSCRIPTION EN LIGNE<\/span>\n\t\t\t\t\t<\/span>\n\t\t\t\t\t<\/a>\n\t\t\t\t\t\t\t\t<\/div>\n\t\t\t\t<div class=\"elementor-element elementor-element-1026eef elementor-widget elementor-widget-spacer\" data-id=\"1026eef\" data-element_type=\"widget\" data-widget_type=\"spacer.default\">\n\t\t\t\t\t\t\t<div class=\"elementor-spacer\">\n\t\t\t<div class=\"elementor-spacer-inner\"><\/div>\n\t\t<\/div>\n\t\t\t\t\t\t<\/div>\n\t\t\t\t<\/div>\n\t\t\t\t<div class=\"elementor-element elementor-element-7e3bf26 elementor-widget-divider--view-line elementor-widget elementor-widget-divider\" data-id=\"7e3bf26\" data-element_type=\"widget\" data-widget_type=\"divider.default\">\n\t\t\t\t\t\t\t<div class=\"elementor-divider\">\n\t\t\t<span class=\"elementor-divider-separator\">\n\t\t\t\t\t\t<\/span>\n\t\t<\/div>\n\t\t\t\t\t\t<\/div>\n\t\t\t\t\t<\/div>\n\t\t\t\t<\/div>\n\t\t<div class=\"elementor-element elementor-element-abe6ef0 e-flex e-con-boxed e-con e-parent\" data-id=\"abe6ef0\" data-element_type=\"container\">\n\t\t\t\t\t<div class=\"e-con-inner\">\n\t\t\t\t<div class=\"elementor-element elementor-element-b42e17d elementor-widget elementor-widget-spacer\" data-id=\"b42e17d\" data-element_type=\"widget\" data-widget_type=\"spacer.default\">\n\t\t\t\t\t\t\t<div class=\"elementor-spacer\">\n\t\t\t<div class=\"elementor-spacer-inner\"><\/div>\n\t\t<\/div>\n\t\t\t\t\t\t<\/div>\n\t\t\t\t\t<\/div>\n\t\t\t\t<\/div>\n\t\t<div class=\"elementor-element elementor-element-ee7615d e-flex e-con-boxed e-con e-parent\" data-id=\"ee7615d\" data-element_type=\"container\">\n\t\t\t\t\t<div class=\"e-con-inner\">\n\t\t<div class=\"elementor-element elementor-element-fea27e9 e-con-full e-flex e-con e-child\" data-id=\"fea27e9\" data-element_type=\"container\">\n\t\t\t\t<div class=\"elementor-element elementor-element-69f680f elementor-widget elementor-widget-heading\" data-id=\"69f680f\" data-element_type=\"widget\" data-widget_type=\"heading.default\">\n\t\t\t\t\t<h2 class=\"elementor-heading-title elementor-size-default\">EQUIPE OPEN 5.70<\/h2>\t\t\t\t<\/div>\n\t\t\t\t<\/div>\n\t\t<div class=\"elementor-element elementor-element-8fb9b43 e-con-full e-flex e-con e-child\" data-id=\"8fb9b43\" data-element_type=\"container\">\n\t\t\t\t<div class=\"elementor-element elementor-element-bcf962b elementor-widget elementor-widget-text-editor\" data-id=\"bcf962b\" data-element_type=\"widget\" data-widget_type=\"text-editor.default\">\n\t\t\t\t\t\t\t\t\t<h4>Les Openistes sont nombreux au YCB, ils naviguent toute l\u2019ann\u00e9e, parfois dans des conditions muscl\u00e9es mais toujours dans la bonne humeur et la s\u00e9curit\u00e9.<br \/>Ils sont pendant la p\u00e9riode hivernale bas\u00e9s \u00e0 Hendaye, d\u2019o\u00f9 ils s\u2019entra\u00eenent le samedi et dimanche et participent aux r\u00e9gates d\u2019hiver.<\/h4><h4>Pour int\u00e9grer ce groupe, il est n\u00e9cessaire d\u00b4\u00eatre membre &#8220;Voile Loisir&#8221; et de choisir\u00a0<span style=\"color: inherit; font-family: inherit; font-size: 1.5rem;\">l&#8217;option forfaitaire OPEN (43\u20ac pour 2026),<\/span><\/h4><h4>N\u2019h\u00e9sitez pas \u00e0 nous contacter pour faire partie de l\u2019\u00e9quipe.<\/h4>\t\t\t\t\t\t\t\t<\/div>\n\t\t\t\t<\/div>\n\t\t\t\t\t<\/div>\n\t\t\t\t<\/div>\n\t\t<div class=\"elementor-element elementor-element-2b67dca e-flex e-con-boxed e-con e-parent\" data-id=\"2b67dca\" data-element_type=\"container\">\n\t\t\t\t\t<div class=\"e-con-inner\">\n\t\t<div class=\"elementor-element elementor-element-bd9a7ef e-con-full e-flex e-con e-child\" data-id=\"bd9a7ef\" data-element_type=\"container\">\n\t\t\t\t<div class=\"elementor-element elementor-element-ccf948b elementor-widget elementor-widget-heading\" data-id=\"ccf948b\" data-element_type=\"widget\" data-widget_type=\"heading.default\">\n\t\t\t\t\t<h2 class=\"elementor-heading-title elementor-size-default\">VOILE SCOLAIRE<\/h2>\t\t\t\t<\/div>\n\t\t\t\t<\/div>\n\t\t<div class=\"elementor-element elementor-element-557b744 e-con-full e-flex e-con e-child\" data-id=\"557b744\" data-element_type=\"container\">\n\t\t\t\t<div class=\"elementor-element elementor-element-59b90f8 elementor-widget elementor-widget-text-editor\" data-id=\"59b90f8\" data-element_type=\"widget\" data-widget_type=\"text-editor.default\">\n\t\t\t\t\t\t\t\t\t<h4>Dans le cadre de la scolarit\u00e9 des vos enfants et petits enfants &#8211; Des accords sont sign\u00e9s notamment avec certaines \u00e9coles de Saint-Jean-de-Luz, Ciboure et Urrugne.<br \/>Renseignez-vous aupr\u00e8s des \u00e9coles de vos enfants, ou aupr\u00e8s de notre bureau!<\/h4>\t\t\t\t\t\t\t\t<\/div>\n\t\t\t\t<\/div>\n\t\t\t\t\t<\/div>\n\t\t\t\t<\/div>\n\t\t<div class=\"elementor-element elementor-element-8676e9b e-flex e-con-boxed e-con e-parent\" data-id=\"8676e9b\" data-element_type=\"container\">\n\t\t\t\t\t<div class=\"e-con-inner\">\n\t\t\t\t<div class=\"elementor-element elementor-element-74c89f8 elementor-widget elementor-widget-wp-widget-aioseo-breadcrumb-widget\" data-id=\"74c89f8\" data-element_type=\"widget\" data-widget_type=\"wp-widget-aioseo-breadcrumb-widget.default\">\n\t\t\t\t<div class=\"elementor-widget-container\">\n\t\t\t\t\t<div class=\"aioseo-breadcrumbs\"><span class=\"aioseo-breadcrumb\">\n\t\t\tHome\n\t\t<\/span><\/div>\t\t\t\t<\/div>\n\t\t\t\t<\/div>\n\t\t\t\t\t<\/div>\n\t\t\t\t<\/div>\n\t\t\t\t<\/div>\n\t\t","protected":false},"excerpt":{"rendered":"<p>LA VOILE A L&#8217;ANN\u00c9E MEMBRE ACTIF Le prix de l&#8217;adh\u00e9sion se trouve r\u00e9duit pour les membres ne d\u00e9sirant pas utiliser les embarcations du club ou tr\u00e8s occasionnellement, et int\u00e8gre \u00e9galement [&hellip;]<\/p>\n","protected":false},"author":2,"featured_media":0,"parent":0,"menu_order":0,"comment_status":"closed","ping_status":"closed","template":"","meta":{"om_disable_all_campaigns":false,"_monsterinsights_skip_tracking":false,"_monsterinsights_sitenote_active":false,"_monsterinsights_sitenote_note":"","_monsterinsights_sitenote_category":0,"footnotes":""},"class_list":["post-160","page","type-page","status-publish","hentry"],"aioseo_notices":[],"_links":{"self":[{"href":"https:\/\/www.ycbasque.org\/YCB\/wp-json\/wp\/v2\/pages\/160","targetHints":{"allow":["GET"]}}],"collection":[{"href":"https:\/\/www.ycbasque.org\/YCB\/wp-json\/wp\/v2\/pages"}],"about":[{"href":"https:\/\/www.ycbasque.org\/YCB\/wp-json\/wp\/v2\/types\/page"}],"author":[{"embeddable":true,"href":"https:\/\/www.ycbasque.org\/YCB\/wp-json\/wp\/v2\/users\/2"}],"replies":[{"embeddable":true,"href":"https:\/\/www.ycbasque.org\/YCB\/wp-json\/wp\/v2\/comments?post=160"}],"version-history":[{"count":67,"href":"https:\/\/www.ycbasque.org\/YCB\/wp-json\/wp\/v2\/pages\/160\/revisions"}],"predecessor-version":[{"id":2357,"href":"https:\/\/www.ycbasque.org\/YCB\/wp-json\/wp\/v2\/pages\/160\/revisions\/2357"}],"wp:attachment":[{"href":"https:\/\/www.ycbasque.org\/YCB\/wp-json\/wp\/v2\/media?parent=160"}],"curies":[{"name":"wp","href":"https:\/\/api.w.org\/{rel}","templated":true}]}}