{"id":1596,"date":"2025-11-06T19:55:33","date_gmt":"2025-11-06T18:55:33","guid":{"rendered":"https:\/\/www.ycbasque.org\/YCB\/?post_type=tribe_events&#038;p=1596"},"modified":"2025-11-06T19:59:04","modified_gmt":"2025-11-06T18:59:04","slug":"assemblee-generale-du-ycb","status":"publish","type":"tribe_events","link":"https:\/\/www.ycbasque.org\/YCB\/event\/assemblee-generale-du-ycb\/","title":{"rendered":"Assembl\u00e9e g\u00e9n\u00e9rale du YCB"},"content":{"rendered":"<p>Tous les membres sont convoqu\u00e9s \u00e0 l&#8217;A.G.<\/p>\n","protected":false},"excerpt":{"rendered":"<p>Convocation \u00e0 l&#8217;A.G. le 22\/11\/25 \u00e0 17h au Club House<\/p>\n","protected":false},"author":2,"featured_media":1519,"template":"","meta":{"om_disable_all_campaigns":false,"_monsterinsights_skip_tracking":false,"_monsterinsights_sitenote_active":false,"_monsterinsights_sitenote_note":"","_monsterinsights_sitenote_category":0,"_tribe_events_status":"","_tribe_events_status_reason":"","footnotes":""},"tags":[],"tribe_events_cat":[15],"class_list":["post-1596","tribe_events","type-tribe_events","status-publish","has-post-thumbnail","hentry","tribe_events_cat-assemblee-generale","cat_assemblee-generale"],"aioseo_notices":[],"_links":{"self":[{"href":"https:\/\/www.ycbasque.org\/YCB\/wp-json\/wp\/v2\/tribe_events\/1596","targetHints":{"allow":["GET"]}}],"collection":[{"href":"https:\/\/www.ycbasque.org\/YCB\/wp-json\/wp\/v2\/tribe_events"}],"about":[{"href":"https:\/\/www.ycbasque.org\/YCB\/wp-json\/wp\/v2\/types\/tribe_events"}],"author":[{"embeddable":true,"href":"https:\/\/www.ycbasque.org\/YCB\/wp-json\/wp\/v2\/users\/2"}],"version-history":[{"count":2,"href":"https:\/\/www.ycbasque.org\/YCB\/wp-json\/wp\/v2\/tribe_events\/1596\/revisions"}],"predecessor-version":[{"id":1600,"href":"https:\/\/www.ycbasque.org\/YCB\/wp-json\/wp\/v2\/tribe_events\/1596\/revisions\/1600"}],"wp:featuredmedia":[{"embeddable":true,"href":"https:\/\/www.ycbasque.org\/YCB\/wp-json\/wp\/v2\/media\/1519"}],"wp:attachment":[{"href":"https:\/\/www.ycbasque.org\/YCB\/wp-json\/wp\/v2\/media?parent=1596"}],"wp:term":[{"taxonomy":"post_tag","embeddable":true,"href":"https:\/\/www.ycbasque.org\/YCB\/wp-json\/wp\/v2\/tags?post=1596"},{"taxonomy":"tribe_events_cat","embeddable":true,"href":"https:\/\/www.ycbasque.org\/YCB\/wp-json\/wp\/v2\/tribe_events_cat?post=1596"}],"curies":[{"name":"wp","href":"https:\/\/api.w.org\/{rel}","templated":true}]}}

Assemblée générale du YCB

<p>Tous les membres sont convoqués à l&#8217;A.G.</p>

<p>Convocation à l&#8217;A.G. le 22/11/25 à 17h au Club House</p>
