{"id":2178,"date":"2026-02-21T12:51:12","date_gmt":"2026-02-21T11:51:12","guid":{"rendered":"https:\/\/www.ycbasque.org\/YCB\/?post_type=tribe_events&#038;p=2178"},"modified":"2026-02-21T12:54:45","modified_gmt":"2026-02-21T11:54:45","slug":"bureau-reouvert-la-voile-loisir-recommence-a-partir-du-21-03-26","status":"publish","type":"tribe_events","link":"https:\/\/www.ycbasque.org\/YCB\/event\/bureau-reouvert-la-voile-loisir-recommence-a-partir-du-21-03-26\/","title":{"rendered":"Bureau r\u00e9ouvert! La voile loisir recommence \u00e0 partir du 21\/03\/26"},"content":{"rendered":"<p>&nbsp;<\/p>\n<p>Le club vient de rouvrir ce Lundi 16\/02\/26, avec le retour des moniteurs au bureau du Lundi au Vendredi.<\/p>\n<p>La voile loisir recommence \u00e0 partir du samedi 21\/03, et les cours et stages de voile \u00e0 partir du samedi 04\/04\/26!<\/p>\n<p>Les membres et sympathisants sont invit\u00e9s \u00e0 venir le samedi 14\/03 matin \u00e0 9h30 pour aider \u00e0 pr\u00e9parer le club a sa r\u00e9ouverture, et passer un moment convivial tous ensemble!<\/p>\n<p>Nous rappelons que des membres b\u00e9n\u00e9voles sont toujours pr\u00e9sents les samedis matins toute l&#8217;ann\u00e9e de 9h30 \u00e0 12h30, pour se retrouver et notamment participer aux diff\u00e9rentes activit\u00e9s de gestion et maintenance.<\/p>\n<p>Au plaisir de vous revoir tous, les anciens comme les nouveaux, les curieux, et les personnes potentiellement int\u00e9ress\u00e9es par la voile et les activit\u00e9s nautiques plus largement!<\/p>\n","protected":false},"excerpt":{"rendered":"<p>&nbsp; Le club vient de rouvrir ce Lundi 16\/02\/26, avec le retour des moniteurs au bureau du Lundi au Vendredi. La voile loisir recommence \u00e0 partir du samedi 21\/03, et [&hellip;]<\/p>\n","protected":false},"author":2,"featured_media":2181,"template":"","meta":{"om_disable_all_campaigns":false,"_monsterinsights_skip_tracking":false,"_monsterinsights_sitenote_active":false,"_monsterinsights_sitenote_note":"","_monsterinsights_sitenote_category":0,"_tribe_events_status":"","_tribe_events_status_reason":"","footnotes":""},"tags":[],"tribe_events_cat":[16],"class_list":["post-2178","tribe_events","type-tribe_events","status-publish","has-post-thumbnail","hentry","tribe_events_cat-admin","cat_admin"],"aioseo_notices":[],"_links":{"self":[{"href":"https:\/\/www.ycbasque.org\/YCB\/wp-json\/wp\/v2\/tribe_events\/2178","targetHints":{"allow":["GET"]}}],"collection":[{"href":"https:\/\/www.ycbasque.org\/YCB\/wp-json\/wp\/v2\/tribe_events"}],"about":[{"href":"https:\/\/www.ycbasque.org\/YCB\/wp-json\/wp\/v2\/types\/tribe_events"}],"author":[{"embeddable":true,"href":"https:\/\/www.ycbasque.org\/YCB\/wp-json\/wp\/v2\/users\/2"}],"version-history":[{"count":3,"href":"https:\/\/www.ycbasque.org\/YCB\/wp-json\/wp\/v2\/tribe_events\/2178\/revisions"}],"predecessor-version":[{"id":2183,"href":"https:\/\/www.ycbasque.org\/YCB\/wp-json\/wp\/v2\/tribe_events\/2178\/revisions\/2183"}],"wp:featuredmedia":[{"embeddable":true,"href":"https:\/\/www.ycbasque.org\/YCB\/wp-json\/wp\/v2\/media\/2181"}],"wp:attachment":[{"href":"https:\/\/www.ycbasque.org\/YCB\/wp-json\/wp\/v2\/media?parent=2178"}],"wp:term":[{"taxonomy":"post_tag","embeddable":true,"href":"https:\/\/www.ycbasque.org\/YCB\/wp-json\/wp\/v2\/tags?post=2178"},{"taxonomy":"tribe_events_cat","embeddable":true,"href":"https:\/\/www.ycbasque.org\/YCB\/wp-json\/wp\/v2\/tribe_events_cat?post=2178"}],"curies":[{"name":"wp","href":"https:\/\/api.w.org\/{rel}","templated":true}]}}

Bureau réouvert! La voile loisir recommence à partir du 21/03/26

<p>&nbsp;</p>
<p>Le club vient de rouvrir ce Lundi 16/02/26, avec le retour des moniteurs au bureau du Lundi au Vendredi.</p>
<p>La voile loisir recommence à partir du samedi 21/03, et les cours et stages de voile à partir du samedi 04/04/26!</p>
<p>Les membres et sympathisants sont invités à venir le samedi 14/03 matin à 9h30 pour aider à préparer le club a sa réouverture, et passer un moment convivial tous ensemble!</p>
<p>Nous rappelons que des membres bénévoles sont toujours présents les samedis matins toute l&#8217;année de 9h30 à 12h30, pour se retrouver et notamment participer aux différentes activités de gestion et maintenance.</p>
<p>Au plaisir de vous revoir tous, les anciens comme les nouveaux, les curieux, et les personnes potentiellement intéressées par la voile et les activités nautiques plus largement!</p>

<p>&nbsp; Le club vient de rouvrir ce Lundi 16/02/26, avec le retour des moniteurs au bureau du Lundi au Vendredi. La voile loisir recommence à partir du samedi 21/03, et [&hellip;]</p>
